{"id":146,"date":"2018-03-16T11:42:01","date_gmt":"2018-03-16T14:42:01","guid":{"rendered":"https:\/\/terra.ufpr.br\/analiseambiental\/?page_id=146"},"modified":"2018-03-16T11:55:09","modified_gmt":"2018-03-16T14:55:09","slug":"cronograma","status":"publish","type":"page","link":"https:\/\/terra.ufpr.br\/analiseambiental\/cronograma\/","title":{"rendered":"Cronograma"},"content":{"rendered":"<h4>Cronograma previsto para turma de 2018<\/h4>\n<table border=\"0\" width=\"757\" cellspacing=\"0\">\n<tbody>\n<tr>\n<td align=\"CENTER\" height=\"30\">\n<h5>DISCIPLINA<\/h5>\n<\/td>\n<td align=\"CENTER\">\n<h5>CH Total<\/h5>\n<\/td>\n<td align=\"CENTER\">\n<h5>PROFESSOR<\/h5>\n<\/td>\n<td align=\"CENTER\">\n<h5>In\u00edcio<\/h5>\n<\/td>\n<td align=\"CENTER\">\n<h5>T\u00e9rmino<\/h5>\n<\/td>\n<\/tr>\n<tr>\n<td align=\"CENTER\" height=\"62\">Aula Inaugural<\/td>\n<td align=\"CENTER\">&#8211;<\/td>\n<td align=\"CENTER\">Edenilson Roberto do Nascimento<\/td>\n<td align=\"CENTER\">16\/03<\/td>\n<td align=\"CENTER\">\u00a016\/03<\/td>\n<\/tr>\n<tr>\n<td align=\"CENTER\" height=\"62\">A Rela\u00e7\u00e3o sociedade-Natureza e Os Problemas socioambientais Contempor\u00e2neos<\/td>\n<td align=\"CENTER\">24h<\/td>\n<td align=\"CENTER\">Larissa Warnavin<\/td>\n<td align=\"CENTER\">16\/03<\/td>\n<td align=\"CENTER\">24\/03<\/td>\n<\/tr>\n<tr>\n<td align=\"CENTER\" height=\"47\">Sensoriamento Remoto<\/td>\n<td align=\"CENTER\">25h<\/td>\n<td align=\"CENTER\">Elaine de C\u00e1cia Lima Frick<\/td>\n<td align=\"CENTER\">06\/04<\/td>\n<td align=\"CENTER\">14\/04<\/td>\n<\/tr>\n<tr>\n<td align=\"CENTER\" height=\"47\">Cartografia Geral<\/td>\n<td align=\"CENTER\">25h<\/td>\n<td align=\"CENTER\">Tony Vinicius Moreira Sampaio<\/td>\n<td align=\"CENTER\">27\/04<\/td>\n<td align=\"CENTER\">05\/05<\/td>\n<\/tr>\n<tr>\n<td align=\"CENTER\" height=\"47\">Sistema de Informa\u00e7\u00f5es Geogr\u00e1ficas<\/td>\n<td align=\"CENTER\">25h<\/td>\n<td align=\"CENTER\">Edenilson Roberto do Nascimento<\/td>\n<td align=\"CENTER\">11\/05<\/td>\n<td align=\"CENTER\">19\/05<\/td>\n<\/tr>\n<tr>\n<td align=\"CENTER\" height=\"77\">O Espa\u00e7o Urbano &#8211; Metropolitano nos Estudos Ambientais<\/td>\n<td align=\"CENTER\">24h<\/td>\n<td align=\"CENTER\">Olga Lucia Firkowski<\/td>\n<td align=\"CENTER\">25\/05<\/td>\n<td align=\"CENTER\">09\/06<\/td>\n<\/tr>\n<tr>\n<td align=\"CENTER\" height=\"77\">An\u00e1lise do Meio socioecon\u00f4mico nsa Estudos Ambientais<\/td>\n<td align=\"CENTER\">24h<\/td>\n<td align=\"CENTER\">Rossana Ribeiro Ciminelli<\/td>\n<td align=\"CENTER\">15\/06<\/td>\n<td align=\"CENTER\">23\/06<\/td>\n<\/tr>\n<tr>\n<td align=\"CENTER\" height=\"62\">Modelagem Num\u00e9rica Ambiental<\/td>\n<td align=\"CENTER\">24h<\/td>\n<td align=\"CENTER\">Andr\u00e9 Luciano Malheiros<\/td>\n<td align=\"CENTER\">29\/06<\/td>\n<td align=\"CENTER\">07\/07<\/td>\n<\/tr>\n<tr>\n<td align=\"CENTER\" height=\"62\">Metodologia de Pesquisa em An\u00e1lise Ambiental<\/td>\n<td align=\"CENTER\">12h<\/td>\n<td align=\"CENTER\">Orestes Jarentchuk Junior<\/td>\n<td align=\"CENTER\">13\/07<\/td>\n<td align=\"CENTER\">14\/07<\/td>\n<\/tr>\n<tr>\n<td colspan=\"5\" align=\"CENTER\" valign=\"MIDDLE\" height=\"57\">\n<h5>F\u00e9rias &#8212; 15\/07 a 02\/08\/2018<\/h5>\n<\/td>\n<\/tr>\n<tr>\n<td align=\"CENTER\" height=\"62\">Geopedologia nsa Estudos Ambientais<\/td>\n<td align=\"CENTER\">24h<\/td>\n<td align=\"CENTER\">Leonardo Jos\u00e9 C. Santos<\/td>\n<td align=\"CENTER\">03\/08<\/td>\n<td align=\"CENTER\">11\/08<\/td>\n<\/tr>\n<tr>\n<td align=\"CENTER\" height=\"47\">Climatologia Aplicada \u00e0 An\u00e1lise\u00a0 Ambiental<\/td>\n<td align=\"CENTER\">24h<\/td>\n<td align=\"CENTER\">Wilson Fl\u00e1vio Feltrim Roseghini<\/td>\n<td align=\"CENTER\">17\/08<\/td>\n<td align=\"CENTER\">25\/08<\/td>\n<\/tr>\n<tr>\n<td align=\"CENTER\" height=\"47\">An\u00e1lise de Bacias Hidrogr\u00e1ficas<\/td>\n<td align=\"CENTER\">24h<\/td>\n<td align=\"CENTER\">Claudinei Taborda da Silveira<\/td>\n<td align=\"CENTER\">31\/08<\/td>\n<td align=\"CENTER\">15\/09<\/td>\n<\/tr>\n<tr>\n<td align=\"CENTER\" height=\"47\">Fitogeografia nsa Estudos Ambientais<\/td>\n<td align=\"CENTER\">24h<\/td>\n<td align=\"CENTER\">Mauricio Bergamini Scheer<\/td>\n<td align=\"CENTER\">21\/09<\/td>\n<td align=\"CENTER\">29\/09<\/td>\n<\/tr>\n<tr>\n<td align=\"CENTER\" height=\"47\">Biogeografia: An\u00e1lise da Fauna<\/td>\n<td align=\"CENTER\">24h<\/td>\n<td align=\"CENTER\">Camila Domit<\/td>\n<td align=\"CENTER\">05\/10<\/td>\n<td align=\"CENTER\">20\/10<\/td>\n<\/tr>\n<tr>\n<td align=\"CENTER\" height=\"47\">Arqueologia nsa Estudos Ambientais<\/td>\n<td align=\"CENTER\">24h<\/td>\n<td align=\"CENTER\">Laercio Loiola Brochier<\/td>\n<td align=\"CENTER\">26\/10<\/td>\n<td align=\"CENTER\">10\/11<\/td>\n<\/tr>\n<tr>\n<td align=\"CENTER\" height=\"32\">Direito Ambiental<\/td>\n<td align=\"CENTER\">24h<\/td>\n<td align=\"CENTER\">Daniele Pontes<\/td>\n<td align=\"CENTER\">23\/11<\/td>\n<td align=\"CENTER\">01\/12<\/td>\n<\/tr>\n<tr>\n<td align=\"CENTER\" height=\"47\">Planejamento e Gest\u00e3o Ambiental<\/td>\n<td align=\"CENTER\">24h<\/td>\n<td align=\"CENTER\">Eduardo Vedor de Paula<\/td>\n<td align=\"CENTER\">07\/12<\/td>\n<td align=\"CENTER\">15\/12<\/td>\n<\/tr>\n<\/tbody>\n<\/table>\n<p><a href=\"https:\/\/terra.ufpr.br\/analiseambiental\/wp-content\/uploads\/sites\/4\/2018\/03\/Cronograma_2018.pdf\">Cronograma em pdf &#8211; download<\/a><\/p>\n","protected":false},"excerpt":{"rendered":"<p>Cronograma previsto para turma de 2018 DISCIPLINA CH Total PROFESSOR In\u00edcio T\u00e9rmino Aula Inaugural &#8211; Edenilson Roberto do Nascimento 16\/03 \u00a016\/03 A Rela\u00e7\u00e3o sociedade-Natureza e Os Problemas socioambientais Contempor\u00e2neos 24h Larissa Warnavin 16\/03 24\/03 Sensoriamento Remoto 25h Elaine de C\u00e1cia Lima Frick 06\/04 14\/04 Cartografia Geral 25h Tony Vinicius Moreira Sampaio 27\/04 05\/05 Sistema de [&hellip;]<\/p>\n","protected":false},"author":1317,"featured_media":0,"parent":0,"menu_order":0,"comment_status":"closed","ping_status":"closed","template":"","meta":{"footnotes":""},"class_list":["post-146","page","type-page","status-publish","hentry"],"_links":{"self":[{"href":"https:\/\/terra.ufpr.br\/analiseambiental\/wp-json\/wp\/v2\/pages\/146"}],"collection":[{"href":"https:\/\/terra.ufpr.br\/analiseambiental\/wp-json\/wp\/v2\/pages"}],"about":[{"href":"https:\/\/terra.ufpr.br\/analiseambiental\/wp-json\/wp\/v2\/types\/page"}],"author":[{"embeddable":true,"href":"https:\/\/terra.ufpr.br\/analiseambiental\/wp-json\/wp\/v2\/users\/1317"}],"replies":[{"embeddable":true,"href":"https:\/\/terra.ufpr.br\/analiseambiental\/wp-json\/wp\/v2\/comments?post=146"}],"version-history":[{"count":12,"href":"https:\/\/terra.ufpr.br\/analiseambiental\/wp-json\/wp\/v2\/pages\/146\/revisions"}],"predecessor-version":[{"id":148,"href":"https:\/\/terra.ufpr.br\/analiseambiental\/wp-json\/wp\/v2\/pages\/146\/revisions\/148"}],"wp:attachment":[{"href":"https:\/\/terra.ufpr.br\/analiseambiental\/wp-json\/wp\/v2\/media?parent=146"}],"curies":[{"name":"wp","href":"https:\/\/api.w.org\/{rel}","templated":true}]}}