{"id":2,"date":"2017-09-22T18:43:19","date_gmt":"2017-09-22T21:43:19","guid":{"rendered":"https:\/\/terra.ufpr.br\/analiseambiental\/?page_id=2"},"modified":"2017-11-05T22:48:16","modified_gmt":"2017-11-06T00:48:16","slug":"o-curso","status":"publish","type":"page","link":"https:\/\/terra.ufpr.br\/analiseambiental\/o-curso\/","title":{"rendered":"O Curso"},"content":{"rendered":"<h3>Breve hist\u00f3rico<\/h3>\n<p>O Curso de Especializa\u00e7\u00e3o em An\u00e1lise Ambiental, ofertado pelo Departamento de Geografia de forma ininterrupta desde 1993, pode ser considerado uma refer\u00eancia dado o fato de constituir um dos primeiros cursos <em>lato sensu<\/em> da Universidade Federal do Paran\u00e1.<\/p>\n<p>Trata-se de um curso voltado para qualificar profissionais de diversas forma\u00e7\u00f5es acad\u00eamicas que atuam na \u00e1rea ambiental, tanto em n\u00edvel regional quanto nacional, oferecendo-lhes subs\u00eddios te\u00f3ricos e ferramentas metodol\u00f3gicas para atuarem nas \u00e1reas de Planejamento e de Gest\u00e3o Ambiental, tanto no \u00e2mbito p\u00fablico como privado.<\/p>\n<p>Concebido \u00e0 luz dos novos desafios que o Desenvolvimento Sustent\u00e1vel coloca \u00e0 sociedade brasileira, com este curso, busca-se fornecer conhecimentos te\u00f3ricos e pr\u00e1ticos para o adequado gerenciamento do meio ambiente.<\/p>\n<p>Os estudos integrados do meio ambiente, o emprego de m\u00e9todos geogr\u00e1ficos de an\u00e1lise ambiental, e o uso de tecnologias de informa\u00e7\u00f5es geogr\u00e1ficas, s\u00e3o as principais ferramentas metodol\u00f3gicas do curso, de forma a subsidiar a qualifica\u00e7\u00e3o para o planejamento e para a gest\u00e3o ambiental.<\/p>\n<p>O foco do curso, portanto, \u00e9 a integra\u00e7\u00e3o de sistemas de informa\u00e7\u00f5es de planejamento e gest\u00e3o ambiental, de forma a constituir um procedimento anal\u00edtico para se aplicado em diferentes situa\u00e7\u00f5es e casos.<\/p>\n<p>&nbsp;<\/p>\n<h3>Objetivo<\/h3>\n<p>O objetivo geral consiste na qualifica\u00e7\u00e3o de profissionais que atuam na \u00e1rea de meio ambiente, fornecendo subs\u00eddios te\u00f3ricos e pr\u00e1ticos, de modo a constitu\u00edrem elementos dinamizadores para as transforma\u00e7\u00f5es e melhorias de processos e de tecnologias no uso dos recursos ambientais.<\/p>\n<p>Especificamente pretende-se:<\/p>\n<ul>\n<li>Subsidiar profissionais que desejam atuar na \u00e1rea de Planejamento e Gest\u00e3o Ambiental, tanto no \u00e2mbito p\u00fablico como privado;<\/li>\n<li>Permitir a capacita\u00e7\u00e3o de licenciados e bachar\u00e9is de outras \u00e1reas, al\u00e9m da \u00e1rea de Geografia, abrindo-lhes assim novas oportunidades de trabalho;<\/li>\n<li>Compensar a falta de oferta, bem como a progressiva procura por cursos numa \u00e1rea estrategicamente importante como \u00e9 a \u00e1rea ambiental.<\/li>\n<\/ul>\n<p>&nbsp;<\/p>\n<h3>P\u00fablico Alvo<\/h3>\n<p>O Curso visa promover a capacita\u00e7\u00e3o de profissionais ge\u00f3grafos, bi\u00f3logos, engenheiros agr\u00f4nomos, ambientais e florestais, gestores ambientais, economistas, e demais profissionais de \u00e1reas de conhecimento afins, na an\u00e1lise ambiental com base em uma abordagem temporal e espacial da rela\u00e7\u00e3o sociedade-natureza.<\/p>\n","protected":false},"excerpt":{"rendered":"<p>Breve hist\u00f3rico O Curso de Especializa\u00e7\u00e3o em An\u00e1lise Ambiental, ofertado pelo Departamento de Geografia de forma ininterrupta desde 1993, pode ser considerado uma refer\u00eancia dado o fato de constituir um dos primeiros cursos lato sensu da Universidade Federal do Paran\u00e1. Trata-se de um curso voltado para qualificar profissionais de diversas forma\u00e7\u00f5es acad\u00eamicas que atuam na [&hellip;]<\/p>\n","protected":false},"author":4,"featured_media":0,"parent":0,"menu_order":0,"comment_status":"closed","ping_status":"open","template":"","meta":{"footnotes":""},"class_list":["post-2","page","type-page","status-publish","hentry"],"_links":{"self":[{"href":"https:\/\/terra.ufpr.br\/analiseambiental\/wp-json\/wp\/v2\/pages\/2"}],"collection":[{"href":"https:\/\/terra.ufpr.br\/analiseambiental\/wp-json\/wp\/v2\/pages"}],"about":[{"href":"https:\/\/terra.ufpr.br\/analiseambiental\/wp-json\/wp\/v2\/types\/page"}],"author":[{"embeddable":true,"href":"https:\/\/terra.ufpr.br\/analiseambiental\/wp-json\/wp\/v2\/users\/4"}],"replies":[{"embeddable":true,"href":"https:\/\/terra.ufpr.br\/analiseambiental\/wp-json\/wp\/v2\/comments?post=2"}],"version-history":[{"count":1,"href":"https:\/\/terra.ufpr.br\/analiseambiental\/wp-json\/wp\/v2\/pages\/2\/revisions"}],"predecessor-version":[{"id":31,"href":"https:\/\/terra.ufpr.br\/analiseambiental\/wp-json\/wp\/v2\/pages\/2\/revisions\/31"}],"wp:attachment":[{"href":"https:\/\/terra.ufpr.br\/analiseambiental\/wp-json\/wp\/v2\/media?parent=2"}],"curies":[{"name":"wp","href":"https:\/\/api.w.org\/{rel}","templated":true}]}}

<h3>Breve histórico</h3>
<p>O Curso de Especialização em Análise Ambiental, ofertado pelo Departamento de Geografia de forma ininterrupta desde 1993, pode ser considerado uma referência dado o fato de constituir um dos primeiros cursos <em>lato sensu</em> da Universidade Federal do Paraná.</p>
<p>Trata-se de um curso voltado para qualificar profissionais de diversas formações acadêmicas que atuam na área ambiental, tanto em nível regional quanto nacional, oferecendo-lhes subsídios teóricos e ferramentas metodológicas para atuarem nas áreas de Planejamento e de Gestão Ambiental, tanto no âmbito público como privado.</p>
<p>Concebido à luz dos novos desafios que o Desenvolvimento Sustentável coloca à sociedade brasileira, com este curso, busca-se fornecer conhecimentos teóricos e práticos para o adequado gerenciamento do meio ambiente.</p>
<p>Os estudos integrados do meio ambiente, o emprego de métodos geográficos de análise ambiental, e o uso de tecnologias de informações geográficas, são as principais ferramentas metodológicas do curso, de forma a subsidiar a qualificação para o planejamento e para a gestão ambiental.</p>
<p>O foco do curso, portanto, é a integração de sistemas de informações de planejamento e gestão ambiental, de forma a constituir um procedimento analítico para se aplicado em diferentes situações e casos.</p>
<p>&nbsp;</p>
<h3>Objetivo</h3>
<p>O objetivo geral consiste na qualificação de profissionais que atuam na área de meio ambiente, fornecendo subsídios teóricos e práticos, de modo a constituírem elementos dinamizadores para as transformações e melhorias de processos e de tecnologias no uso dos recursos ambientais.</p>
<p>Especificamente pretende-se:</p>
<ul>
<li>Subsidiar profissionais que desejam atuar na área de Planejamento e Gestão Ambiental, tanto no âmbito público como privado;</li>
<li>Permitir a capacitação de licenciados e bacharéis de outras áreas, além da área de Geografia, abrindo-lhes assim novas oportunidades de trabalho;</li>
<li>Compensar a falta de oferta, bem como a progressiva procura por cursos numa área estrategicamente importante como é a área ambiental.</li>
</ul>
<p>&nbsp;</p>
<h3>Público Alvo</h3>
<p>O Curso visa promover a capacitação de profissionais geógrafos, biólogos, engenheiros agrônomos, ambientais e florestais, gestores ambientais, economistas, e demais profissionais de áreas de conhecimento afins, na análise ambiental com base em uma abordagem temporal e espacial da relação sociedade-natureza.</p>

<p>Breve histórico O Curso de Especialização em Análise Ambiental, ofertado pelo Departamento de Geografia de forma ininterrupta desde 1993, pode ser considerado uma referência dado o fato de constituir um dos primeiros cursos lato sensu da Universidade Federal do Paraná. Trata-se de um curso voltado para qualificar profissionais de diversas formações acadêmicas que atuam na [&hellip;]</p>
