{"id":6939,"date":"2026-02-06T17:13:08","date_gmt":"2026-02-06T20:13:08","guid":{"rendered":"https:\/\/terra.ufpr.br\/laboclima\/?page_id=6939"},"modified":"2026-02-06T17:13:08","modified_gmt":"2026-02-06T20:13:08","slug":"napi-emergencia-climatica","status":"publish","type":"page","link":"https:\/\/terra.ufpr.br\/laboclima\/napi-emergencia-climatica\/","title":{"rendered":"NAPI Emerg\u00eancia Clim\u00e1tica"},"content":{"rendered":"\n<p class=\"has-text-align-center\"><strong>Projeto NAPI Emerg\u00eancia Clim\u00e1tica<\/strong><\/p>\n\n\n\n<p><\/p>\n\n\n\n<p><strong>Website<\/strong>: <a href=\"https:\/\/napiemergenciaclimatica.unioeste.br\/\">https:\/\/napiemergenciaclimatica.unioeste.br\/<\/a><\/p>\n\n\n\n<p><strong>NAPI na Funda\u00e7\u00e3o Arauc\u00e1ria<\/strong>: <a href=\"https:\/\/www.iaraucaria.pr.gov.br\/napi-emergencia-climatica\/\">https:\/\/www.iaraucaria.pr.gov.br\/napi-emergencia-climatica\/<\/a><\/p>\n\n\n\n<p><strong>Instagram<\/strong>: <a href=\"https:\/\/www.instagram.com\/napi.ec\/\">https:\/\/www.instagram.com\/napi.ec\/<\/a><\/p>\n","protected":false},"excerpt":{"rendered":"<p>Projeto NAPI Emerg\u00eancia Clim\u00e1tica Website: https:\/\/napiemergenciaclimatica.unioeste.br\/ NAPI na Funda\u00e7\u00e3o Arauc\u00e1ria: https:\/\/www.iaraucaria.pr.gov.br\/napi-emergencia-climatica\/ Instagram: https:\/\/www.instagram.com\/napi.ec\/<\/p>\n","protected":false},"author":1324,"featured_media":0,"parent":0,"menu_order":0,"comment_status":"closed","ping_status":"closed","template":"","meta":{"footnotes":""},"class_list":["post-6939","page","type-page","status-publish","hentry"],"_links":{"self":[{"href":"https:\/\/terra.ufpr.br\/laboclima\/wp-json\/wp\/v2\/pages\/6939"}],"collection":[{"href":"https:\/\/terra.ufpr.br\/laboclima\/wp-json\/wp\/v2\/pages"}],"about":[{"href":"https:\/\/terra.ufpr.br\/laboclima\/wp-json\/wp\/v2\/types\/page"}],"author":[{"embeddable":true,"href":"https:\/\/terra.ufpr.br\/laboclima\/wp-json\/wp\/v2\/users\/1324"}],"replies":[{"embeddable":true,"href":"https:\/\/terra.ufpr.br\/laboclima\/wp-json\/wp\/v2\/comments?post=6939"}],"version-history":[{"count":1,"href":"https:\/\/terra.ufpr.br\/laboclima\/wp-json\/wp\/v2\/pages\/6939\/revisions"}],"predecessor-version":[{"id":6941,"href":"https:\/\/terra.ufpr.br\/laboclima\/wp-json\/wp\/v2\/pages\/6939\/revisions\/6941"}],"wp:attachment":[{"href":"https:\/\/terra.ufpr.br\/laboclima\/wp-json\/wp\/v2\/media?parent=6939"}],"curies":[{"name":"wp","href":"https:\/\/api.w.org\/{rel}","templated":true}]}}

NAPI Emergência Climática

<p class="has-text-align-center"><strong>Projeto NAPI Emergência Climática</strong></p>



<p></p>



<p><strong>Website</strong>: <a href="https://napiemergenciaclimatica.unioeste.br/">https://napiemergenciaclimatica.unioeste.br/</a></p>



<p><strong>NAPI na Fundação Araucária</strong>: <a href="https://www.iaraucaria.pr.gov.br/napi-emergencia-climatica/">https://www.iaraucaria.pr.gov.br/napi-emergencia-climatica/</a></p>



<p><strong>Instagram</strong>: <a href="https://www.instagram.com/napi.ec/">https://www.instagram.com/napi.ec/</a></p>

<p>Projeto NAPI Emergência Climática Website: https://napiemergenciaclimatica.unioeste.br/ NAPI na Fundação Araucária: https://www.iaraucaria.pr.gov.br/napi-emergencia-climatica/ Instagram: https://www.instagram.com/napi.ec/</p>
