{"id":73,"date":"2017-09-27T17:49:15","date_gmt":"2017-09-27T20:49:15","guid":{"rendered":"https:\/\/terra.ufpr.br\/laboclima\/?page_id=73"},"modified":"2026-04-16T14:11:29","modified_gmt":"2026-04-16T17:11:29","slug":"sacdengue","status":"publish","type":"page","link":"https:\/\/terra.ufpr.br\/laboclima\/sacdengue\/","title":{"rendered":"SACDENGUE &#8211; Sistema de Alerta Clim\u00e1tico de Dengue"},"content":{"rendered":"\n<p class=\"has-small-font-size\">Desenvolvido em 2010 pelo LABOCLIMA (Laborat\u00f3rio de Climatologia) da UFPR (Universidade Federal do Paran\u00e1), com o apoio do SIMEPAR (Instituto Tecnol\u00f3gico do Paran\u00e1) e da SESA\/PR (Secretaria de Sa\u00fade do Estado), este servi\u00e7o objetiva contribuir com as campanhas de controle do <i>Aedes (aegypti e albopictus) <\/i>atrav\u00e9s de um sistema de alerta de clim\u00e1tico de infesta\u00e7\u00e3o e atua\u00e7\u00e3o do vetor no Paran\u00e1. O Boletim de alerta tem periodicidade semanal em conson\u00e2ncia com a semana epidemiol\u00f3gica brasileira.<\/p>\n\n\n\n<p class=\"has-small-font-size\">O sistema de alerta originalmente se destina ao monitoramento das condi\u00e7\u00f5es de <strong>risco<\/strong> <strong>clim\u00e1tico<\/strong> no Paran\u00e1, permitindo identificar a forma\u00e7\u00e3o de condi\u00e7\u00f5es meteorol\u00f3gicas favor\u00e1veis \u00e0 reprodu\u00e7\u00e3o e atua\u00e7\u00e3o do mosquito <i>Aedes<\/i> &#8211; vetor da dengue, Chikungunya e Zika. A an\u00e1lise dos dados permite tra\u00e7ar um perfil semanal de diferentes regi\u00f5es paranaenses no que diz respeito \u00e0 forma\u00e7\u00e3o de ambientes mais ou menos favor\u00e1veis \u00e0 infesta\u00e7\u00e3o e atua\u00e7\u00e3o do vetor, podendo portanto, favorecer a maior ou menor incid\u00eancia de casos da doen\u00e7a. Vale ressaltar que as situa\u00e7\u00f5es epid\u00eamicas tamb\u00e9m dependem de outros fatores como: circula\u00e7\u00e3o viral de sorotipos (DEN1, 2, 3 e 4) e o modo de vida da popula\u00e7\u00e3o quanto ao descarte de lixo, armazenamento de \u00e1gua, etc.<\/p>\n\n\n\n<p class=\"has-vivid-red-color has-text-color has-link-color has-small-font-size wp-elements-7a8b34e93bbebff97b51a92526ede998\"><strong>ATUALIZA\u00c7\u00c3O (Janeiro 2026): <\/strong>devido ao avan\u00e7o das pesquisas sobre a influ\u00eancia do clima na prolifera\u00e7\u00e3o de vetores como Aedes aegypti, mostrou-se necess\u00e1ria uma atualiza\u00e7\u00e3o na representa\u00e7\u00e3o dos n\u00edveis de alerta de nosso sistema. Desse modo, duas mudan\u00e7as importantes foram efetuadas &#8211; a primeira foi a mudan\u00e7a do gradiente de cores, utilizando um gradiente de alerta mais contundente com tonalidades do amarelo ao vermelho. A segunda mudan\u00e7a foi a supress\u00e3o do n\u00edvel de alerta &#8220;sem risco&#8221;, pois o entendimento atual, principalmente devido ao aumento da temperatura em todo Paran\u00e1, \u00e9 de que n\u00e3o existem mais situa\u00e7\u00f5es totalmente sem risco, mas sim de risco baixo. Tamb\u00e9m foi criado o n\u00edvel &#8220;muito alto&#8221;, quando as condi\u00e7\u00f5es foram \u00f3timas para a reprodu\u00e7\u00e3o do vetor. Assim, substitui\u00e7\u00e3o tanto das cores quanto dos n\u00edveis de alerta pretende trazer mais aten\u00e7\u00e3o \u00e0s condi\u00e7\u00f5es favor\u00e1veis de transmiss\u00e3o de doen\u00e7as como Dengue, Zika e Chikungunya.<\/p>\n\n\n<div class=\"wp-block-image\">\n<figure class=\"aligncenter size-full\"><img loading=\"lazy\" decoding=\"async\" width=\"2338\" height=\"1653\" src=\"https:\/\/terra.ufpr.br\/laboclima\/wp-content\/uploads\/sites\/3\/2026\/04\/15.jpeg\" alt=\"\" class=\"wp-image-7003\" srcset=\"https:\/\/terra.ufpr.br\/laboclima\/wp-content\/uploads\/sites\/3\/2026\/04\/15.jpeg 2338w, https:\/\/terra.ufpr.br\/laboclima\/wp-content\/uploads\/sites\/3\/2026\/04\/15-300x212.jpeg 300w, https:\/\/terra.ufpr.br\/laboclima\/wp-content\/uploads\/sites\/3\/2026\/04\/15-1024x724.jpeg 1024w, https:\/\/terra.ufpr.br\/laboclima\/wp-content\/uploads\/sites\/3\/2026\/04\/15-768x543.jpeg 768w, https:\/\/terra.ufpr.br\/laboclima\/wp-content\/uploads\/sites\/3\/2026\/04\/15-1536x1086.jpeg 1536w, https:\/\/terra.ufpr.br\/laboclima\/wp-content\/uploads\/sites\/3\/2026\/04\/15-2048x1448.jpeg 2048w\" sizes=\"(max-width: 2338px) 100vw, 2338px\" \/><\/figure><\/div>\n\n\n<hr class=\"wp-block-separator has-alpha-channel-opacity\" \/>\n\n\n\n<p class=\"has-vivid-red-color has-text-color has-link-color wp-elements-6aea30d6c9c21155a5cf1d37509f7800\" style=\"font-size:10px\"><span style=\"color: #ff0000\">Os produtos apresentados nesta p\u00e1gina n\u00e3o podem ser&nbsp;usados para prop\u00f3sitos comerciais, copiados integral ou parcialmente para a reprodu\u00e7\u00e3o em meios de divulga\u00e7\u00e3o, sem a expressa autoriza\u00e7\u00e3o do Laborat\u00f3rio de Climatologia &#8211; Laboclima\/UFPR. Os usu\u00e1rios dever\u00e3o sempre mencionar a fonte das informa\u00e7\u00f5es e dados como &#8220;Laboclima &#8211; UFPR&#8221;. A gera\u00e7\u00e3o e a divulga\u00e7\u00e3o de produtos operacionais obedecem crit\u00e9rios sist\u00eamicos de controle de qualidade, padroniza\u00e7\u00e3o e periodicidade de disponibiliza\u00e7\u00e3o. Em nenhum caso o Laboclima &#8211; UFPR pode ser responsabilizado por danos especiais, indiretos ou decorrentes, ou nenhum dano vinculado ao que provenha do uso indevido destes produtos<\/span>.<\/p>\n\n\n\n<p class=\"has-text-align-center\">Para d\u00favidas ou solicitar os mapas anteriores, favor entrar em contato atrav\u00e9s do e-mail <a href=\"https:\/\/terra.ufpr.br\/laboclima\/contato\/\">laboclima@ufpr.br<\/a>&nbsp;<\/p>\n\n\n\n<p><strong>Refer\u00eancias:<\/strong><\/p>\n\n\n\n<p style=\"font-size:10px\">EDILLO, F., YMBONG, R.R., NAVARRO, A.O. et al. Detecting the impacts of humidity, rainfall, temperature, and season on chikungunya, dengue and Zika viruses in Aedes albopictus mosquitoes from selected sites in Cebu city, Philippines. Virol J 21, 42 (2024). <a href=\"https:\/\/doi.org\/10.1186\/s12985-024-02310-4\" target=\"_blank\" rel=\"noreferrer noopener\">https:\/\/doi.org\/10.1186\/s12985-024-02310-4<\/a> &#8211; GUO, X., LI, L., REN, W. et al. Modelling the dynamic basic reproduction number of dengue based on MOI of Aedes albopictus derived from a multi-site field investigation in Guangzhou, a subtropical region. Parasites Vectors 17, 79 (2024). <a href=\"https:\/\/doi.org\/10.1186\/s13071-024-06121-y\" target=\"_blank\" rel=\"noreferrer noopener\">https:\/\/doi.org\/10.1186\/s13071-024-06121-y<\/a> &#8211; LOWE Rachel, BAILEY Trevor C., STEPHENSON David B., GRAHAM Richard J., COELHO Caio A.S., CARVALHO Marilia S\u00e1, BARCELLOS Christovam. Spatio-temporal modelling of climate-sensitive disease risk: Towards an early warning system for dengue in Brazil, Computers &amp; Geosciences, Volume 37, Issue 3, 2011, Pages 371-381, ISSN 0098-3004, <a href=\"https:\/\/doi.org\/10.1016\/j.cageo.2010.01.008\" target=\"_blank\" rel=\"noreferrer noopener\">https:\/\/doi.org\/10.1016\/j.cageo.2010.01.008<\/a> &#8211; MENDON\u00c7A, Francisco de A. ; ROSEGHINI, W. F. F. ; ARAUJO, W. M. ; SCHMITZ, L. K. . CURITIBA\/PR: Incid\u00eancia atual e cen\u00e1rios futuros da dengue na capital do Estado do Paran\u00e1. In: Francisco de Assis Mendon\u00e7a. (Org.). A DENGUE NO BRASIL: Uma perspectiva geogr\u00e1fica. 01ed.Curitiba: CRV, 2021, v. 01, p. 01-518 <a href=\"http:\/\/dx.doi.org\/10.24824\/978652510128.6\" target=\"_blank\" rel=\"noreferrer noopener\">http:\/\/dx.doi.org\/10.24824\/978652510128.6<\/a> &#8211; OPAS. Organiza\u00e7\u00e3o Pan-Americana da Sa\u00fade. 2023. Dispon\u00edvel em: <a href=\"http:\/\/www.paho.org\/bra\/\">http:\/\/www.paho.org\/bra\/<\/a> &#8211; RACLOZ V, RAMSEY R, TONG S, HU W (2012) Surveillance of Dengue Fever Virus: A Review of Epidemiological Models and Early Warning Systems. PLoS Negl Trop Dis 6(5): e1648. <a href=\"https:\/\/doi.org\/10.1371\/journal.pntd.0001648\" target=\"_blank\" rel=\"noreferrer noopener\">https:\/\/doi.org\/10.1371\/journal.pntd.0001648<\/a> &#8211; REITER, P. Climate change and mosquito-borne disease. Environmental Health Perspectives Supplements. Volume 109, Number S1, March, 2001. &#8211; REITER, P. DengueTools: innovative tools and strategies for the surveillance and control of dengue. Glob Health Action 2012: <a href=\"https:\/\/www.tandfonline.com\/doi\/full\/10.3402\/gha.v5i0.17273\" target=\"_blank\" rel=\"noreferrer noopener\">https:\/\/www.tandfonline.com\/doi\/full\/10.3402\/gha.v5i0.17273<\/a> &#8211; ROUQUAYROL, M.Z.; FILHO, N.A. Epidemiologia e Sa\u00fade. 5\u00aa ed. Rio de Janeiro: MEDSI, 2006. &#8211; ROSEGHINI, W. F. F.; MENDON\u00c7A, Francisco de A. ; CECCATO, P. ; FERNANDES, K. . DENGUE EPIDEMICS IN MIDDLE-SOUTH OF BRAZIL: CLIMATE CONSTRAINTS AND SOME SOCIAL ASPECTS. Revista Brasileira de Climatologia, v. 9, p. 94-101, 2011 <a href=\"http:\/\/dx.doi.org\/10.5380\/abclima.v9i0.27522\" target=\"_blank\" rel=\"noreferrer noopener\">http:\/\/dx.doi.org\/10.5380\/abclima.v9i0.27522<\/a> &#8211; ROSEGHINI, W. F. F. Clima urbano e dengue no centro-sudoeste do Brasil. 151f. Tese (doutorado), UFPR, PPGEO, Curitiba, 2013. &#8211; ROSEGHINI, W. F. F; Mendon\u00e7a, Francisco ; Ceccato, Pietro . Urban Climate and Dengue Epidemics in Brazil. In: Cristi\u00e1n Henr\u00edquez; Hugo Romero. (Org.). Urban Climates in Latin America. 1ed.Cham: Springer International Publishing, 2019, v. 1, p. 309-328 <a href=\"http:\/\/dx.doi.org\/10.1007\/978-3-319-97013-4_12\" target=\"_blank\" rel=\"noreferrer noopener\">http:\/\/dx.doi.org\/10.1007\/978-3-319-97013-4_12<\/a> &#8211; SALESBRAM, J. A. M. ; ROSEGHINI, W. F. F. . An\u00e1lise da variabilidade t\u00e9rmica da cidade de Paranagu\u00e1-PR para aplica\u00e7\u00e3o em estudos sobre a prolifera\u00e7\u00e3o do Aedes aegypti. GEO UERJ (2007), v. 1, p. 1-18, 2019 <a href=\"http:\/\/dx.doi.org\/10.12957\/geouerj.2019.40958\" target=\"_blank\" rel=\"noreferrer noopener\">http:\/\/dx.doi.org\/10.12957\/geouerj.2019.40958<\/a> &#8211; SOEK, F. J. ; FERREIRA, F. E. ; KLEIN, M. V. ; BAUER, N. C. ; CAIKOSKI, P. S. ; ROSEGHINI, W. F. F. ; MENDON\u00c7A, Francisco de A. . Mudan\u00e7as clim\u00e1ticas globais e infesta\u00e7\u00e3o por Aedes aegypti na regi\u00e3o Sul do Brasil. GEO UERJ, v. 42, p. 01-16, 2023 <a href=\"http:\/\/dx.doi.org\/10.12957\/geouerj.2023.74550\" target=\"_blank\" rel=\"noreferrer noopener\">http:\/\/dx.doi.org\/10.12957\/geouerj.2023.74550<\/a> &#8211; TAUIL, P. Urbaniza\u00e7\u00e3o e ecologia do dengue. Cad. Sa\u00fade P\u00fablica, Rio de Janeiro, 17(Suplemento):99-102, 2001 &#8211; Ziyi Tang, Pin Wang, Yao Li, Yue Sheng, Ben Wang, Nataliia Popovych, Tangao Hu, Contributions of climate change and urbanization to urban flood hazard changes in China&#8217;s 293 major cities since 1980, Journal of Environmental Management, Volume 353, 2024, 120113, ISSN 0301-4797, <a href=\"https:\/\/doi.org\/10.1016\/j.jenvman.2024.120113.\" target=\"_blank\" rel=\"noreferrer noopener\">https:\/\/doi.org\/10.1016\/j.jenvman.2024.120113.<\/a><\/p>\n","protected":false},"excerpt":{"rendered":"<p>Desenvolvido em 2010 pelo LABOCLIMA (Laborat\u00f3rio de Climatologia) da UFPR (Universidade Federal do Paran\u00e1), com o apoio do SIMEPAR (Instituto Tecnol\u00f3gico do Paran\u00e1) e da SESA\/PR (Secretaria de Sa\u00fade do Estado), este servi\u00e7o objetiva contribuir com as campanhas de controle do Aedes (aegypti e albopictus) atrav\u00e9s de um sistema de alerta de clim\u00e1tico de infesta\u00e7\u00e3o [&hellip;]<\/p>\n","protected":false},"author":1318,"featured_media":0,"parent":0,"menu_order":0,"comment_status":"closed","ping_status":"closed","template":"","meta":{"footnotes":""},"class_list":["post-73","page","type-page","status-publish","hentry"],"_links":{"self":[{"href":"https:\/\/terra.ufpr.br\/laboclima\/wp-json\/wp\/v2\/pages\/73"}],"collection":[{"href":"https:\/\/terra.ufpr.br\/laboclima\/wp-json\/wp\/v2\/pages"}],"about":[{"href":"https:\/\/terra.ufpr.br\/laboclima\/wp-json\/wp\/v2\/types\/page"}],"author":[{"embeddable":true,"href":"https:\/\/terra.ufpr.br\/laboclima\/wp-json\/wp\/v2\/users\/1318"}],"replies":[{"embeddable":true,"href":"https:\/\/terra.ufpr.br\/laboclima\/wp-json\/wp\/v2\/comments?post=73"}],"version-history":[{"count":538,"href":"https:\/\/terra.ufpr.br\/laboclima\/wp-json\/wp\/v2\/pages\/73\/revisions"}],"predecessor-version":[{"id":7004,"href":"https:\/\/terra.ufpr.br\/laboclima\/wp-json\/wp\/v2\/pages\/73\/revisions\/7004"}],"wp:attachment":[{"href":"https:\/\/terra.ufpr.br\/laboclima\/wp-json\/wp\/v2\/media?parent=73"}],"curies":[{"name":"wp","href":"https:\/\/api.w.org\/{rel}","templated":true}]}}