{"id":898,"date":"2019-09-11T11:57:59","date_gmt":"2019-09-11T14:57:59","guid":{"rendered":"https:\/\/terra.ufpr.br\/laboclima\/?page_id=898"},"modified":"2024-11-06T09:24:21","modified_gmt":"2024-11-06T12:24:21","slug":"contato","status":"publish","type":"page","link":"https:\/\/terra.ufpr.br\/laboclima\/contato\/","title":{"rendered":"Contato"},"content":{"rendered":"\n<p><strong>E-mail<\/strong>: laboclima@ufpr.br<\/p>\n\n\n\n<p><strong>Telefone<\/strong>: +55 (41) 3361-3478<\/p>\n\n\n\n<p><strong>Endere\u00e7o<\/strong>: Centro Polit\u00e9cnico da UFPR, Setor de Ci\u00eancias da Terra, Edif\u00edcio Jo\u00e3o Jos\u00e9 Bigarella, sala 210, 2\u00ba andar. <\/p>\n\n\n\n<p>O <em>campus <\/em>Centro Polit\u00e9cnico est\u00e1 localizado na Av. Cel. Francisco H. dos Santos, 210, Jardim das Am\u00e9ricas, Curitiba-PR. CEP: 81531-990.<\/p>\n\n\n\n<p>Link para o endere\u00e7o no Google Maps: <a href=\"https:\/\/maps.app.goo.gl\/KocCADkWeK5VW1fA9\">https:\/\/maps.app.goo.gl\/KocCADkWeK5VW1fA9<\/a><\/p>\n\n\n\n<p><\/p>\n","protected":false},"excerpt":{"rendered":"<p>E-mail: laboclima@ufpr.br Telefone: +55 (41) 3361-3478 Endere\u00e7o: Centro Polit\u00e9cnico da UFPR, Setor de Ci\u00eancias da Terra, Edif\u00edcio Jo\u00e3o Jos\u00e9 Bigarella, sala 210, 2\u00ba andar. O campus Centro Polit\u00e9cnico est\u00e1 localizado na Av. Cel. Francisco H. dos Santos, 210, Jardim das Am\u00e9ricas, Curitiba-PR. CEP: 81531-990. Link para o endere\u00e7o no Google Maps: https:\/\/maps.app.goo.gl\/KocCADkWeK5VW1fA9<\/p>\n","protected":false},"author":1324,"featured_media":0,"parent":0,"menu_order":0,"comment_status":"closed","ping_status":"closed","template":"","meta":{"footnotes":""},"class_list":["post-898","page","type-page","status-publish","hentry"],"_links":{"self":[{"href":"https:\/\/terra.ufpr.br\/laboclima\/wp-json\/wp\/v2\/pages\/898"}],"collection":[{"href":"https:\/\/terra.ufpr.br\/laboclima\/wp-json\/wp\/v2\/pages"}],"about":[{"href":"https:\/\/terra.ufpr.br\/laboclima\/wp-json\/wp\/v2\/types\/page"}],"author":[{"embeddable":true,"href":"https:\/\/terra.ufpr.br\/laboclima\/wp-json\/wp\/v2\/users\/1324"}],"replies":[{"embeddable":true,"href":"https:\/\/terra.ufpr.br\/laboclima\/wp-json\/wp\/v2\/comments?post=898"}],"version-history":[{"count":6,"href":"https:\/\/terra.ufpr.br\/laboclima\/wp-json\/wp\/v2\/pages\/898\/revisions"}],"predecessor-version":[{"id":6503,"href":"https:\/\/terra.ufpr.br\/laboclima\/wp-json\/wp\/v2\/pages\/898\/revisions\/6503"}],"wp:attachment":[{"href":"https:\/\/terra.ufpr.br\/laboclima\/wp-json\/wp\/v2\/media?parent=898"}],"curies":[{"name":"wp","href":"https:\/\/api.w.org\/{rel}","templated":true}]}}